inder when 24547 is divided by 61?
25
What is the remainder when 517 is divided by 67?
48
Calculate the remainder when 5726 is divided by 21.
14
Calculate the remainder when 79311 is divided by 8.
7
What is the remainder when 34680 is divided by 110?
30
What is the remainder when 11351 is divided by 5670?
11
What is the remainder when 6325 is divided by 87?
61
Calculate the remainder when 2380368 is divided by 5.
3
Calculate the remainder when 4928 is divided by 29.
27
Calculate the remainder when 41913 is divided by 126.
81
Calculate the remainder when 488 is divided by 118.
16
Calculate the remainder when 7335 is divided by 608.
39
Calculate the remainder when 97053 is divided by 368.
269
What is the remainder when 19645 is divided by 1221?
109
Calculate the remainder when 368742 is divided by 101.
92
Calculate the remainder when 127313 is divided by 1516.
1485
Calculate the remainder when 1532 is divided by 749.
34
Calculate the remainder when 97749 is divided by 46.
45
What is the remainder when 79301 is divided by 38?
33
What is the remainder when 4044 is divided by 1335?
39
Calculate the remainder when 269388 is divided by 149.
145
What is the remainder when 90435 is divided by 90291?
144
What is the remainder when 8493 is divided by 4208?
77
Calculate the remainder when 126080 is divided by 927.
8
Calculate the remainder when 6513 is divided by 1301.
8
Calculate the remainder when 11900 is divided by 3964.
8
What is the remainder when 96897 is divided by 48445?
7
What is the remainder when 33147 is divided by 16?
11
Calculate the remainder when 168004 is divided by 182.
18
Calculate the remainder when 47356 is divided by 607.
10
Calculate the remainder when 71706 is divided by 41.
38
What is the remainder when 5540 is divided by 102?
32
Calculate the remainder when 5826 is divided by 1418.
154
Calculate the remainder when 88364 is divided by 16.
12
What is the remainder when 16946 is divided by 385?
6
Calculate the remainder when 2256 is divided by 7.
2
What is the remainder when 11532 is divided by 16?
12
What is the remainder when 1365 is divided by 1135?
230
Calculate the remainder when 19265 is divided by 13.
12
What is the remainder when 27178 is divided by 85?
63
What is the remainder when 5446 is divided by 303?
295
What is the remainder when 57347 is divided by 14327?
39
What is the remainder when 13475 is divided by 1224?
11
Calculate the remainder when 38724 is divided by 821.
137
What is the remainder when 5451 is divided by 44?
39
Calculate the remainder when 197837 is divided by 32971.
11
What is the remainder when 92299 is divided by 25?
24
What is the remainder when 26984 is divided by 78?
74
What is the remainder when 7715 is divided by 299?
240
What is the remainder when 14432 is divided by 170?
152
Calculate the remainder when 4800 is divided by 1191.
36
What is the remainder when 16363 is divided by 4086?
19
Calculate the remainder when 5237 is divided by 70.
57
What is the remainder when 65459 is divided by 53?
4
What is the remainder when 97061 is divided by 729?
104
Calculate the remainder when 4384 is divided by 52.
16
What is the remainder when 356532 is divided by 178264?
4
Calculate the remainder when 6218 is divided by 72.
26
Calculate the remainder when 191830 is divided by 38356.
50
What is the remainder when 17657 is divided by 188?
173
Calculate the remainder when 28527 is divided by 175.
2
What is the remainder when 22490 is divided by 433?
407
Calculate the remainder when 23657 is divided by 11.
7
Calculate the remainder when 12740 is divided by 749.
7
What is the remainder when 62423 is divided by 49?
46
What is the remainder when 58946 is divided by 147?
146
What is the remainder when 4231655 is divided by 1144?
1143
Calculate the remainder when 955589 is divided by 795.
794
Calculate the remainder when 9652 is divided by 37.
32
Calculate the remainder when 11977 is divided by 2392.
17
What is the remainder when 390048 is divided by 12582?
6
Calculate the remainder when 324120 is divided by 38.
18
Calculate the remainder when 18583 is divided by 258.
7
What is the remainder when 11996 is divided by 64?
28
What is the remainder when 162576 is divided by 5606?
2
Calculate the remainder when 839 is divided by 145.
114
What is the remainder when 2588 is divided by 1275?
38
Calculate the remainder when 14811 is divided by 46.
45
Calculate the remainder when 4519 is divided by 2256.
7
What is the remainder when 1338 is divided by 125?
88
What is the remainder when 55552 is divided by 18515?
7
What is the remainder when 4688 is divided by 25?
13
Calculate the remainder when 87528 is divided by 119.
63
Calculate the remainder when 3941 is divided by 1957.
27
What is the remainder when 458188 is divided by 10?
8
What is the remainder when 290261 is divided by 99?
92
What is the remainder when 5506 is divided by 1234?
570
What is the remainder when 1178 is divided by 343?
149
Calculate the remainder when 12935 is divided by 2432.
775
What is the remainder when 1247 is divided by 238?
57
Calculate the remainder when 36307 is divided by 9074.
11
What is the remainder when 8425039 is divided by 40?
39
Calculate the remainder when 1832 is divided by 69.
38
Calculate the remainder when 37511 is divided by 149.
112
What is the remainder when 6078 is divided by 1915?
333
Calculate the remainder when 774731 is divided by 92.
91
Calculate the remainder when 10919608 is divided by 702.
700
Calculate the remainder when 10324 is divided by 5149.
26
Calculate the remainder when 24106 is divided by 251.
10
Calculate the remainder when 429452 is divided by 138.
134
What is the remainder when 650699 is divided by 675?
674
What is the remainder when 109700 is divided by 6851?
84
Calculate the remainder when 4362 is divided by 449.
321
Calculate the remainder when 1849 is divided by 104.
81
Calculate the remainder when 40145 is divided by 8028.
5
What is the remainder when 2683518 is divided by 14?
12
Calculate the remainder when 3278 is divided by 3263.
15
Calculate the remainder when 3461 is divided by 56.
45
Calculate the remainder when 6716 is divided by 70.
66
Calculate the remainder when 8929 is divided by 1209.
466
What is the remainder when 396274 is divided by 94?
64
What is the remainder when 924 is divided by 81?
33
What is the remainder when 1810 is divided by 424?
114
What is the remainder when 1012 is divided by 13?
11
What is the remainder when 1365 is divided by 23?
8
Calculate the remainder when 116 is divided by 5.
1
Calculate the remainder when 1481 is divided by 27.
23
Calculate the remainder when 8245 is divided by 1225.
895
What is the remainder when 7314 is divided by 2300?
414
Calculate the remainder when 40274 is divided by 67.
7
Calculate the remainder when 86724 is divided by 131.
2
What is the remainder when 20389 is divided by 6783?
40
Calculate the remainder when 134018 is divided by 1523.
1517
Calculate the remainder when 80159 is divided by 8.
7
What is the remainder when 97976 is divided by 36?
20
What is the remainder when 2949 is divided by 1031?
887
What is the remainder when 1503 is divided by 290?
53
Calculate the remainder when 2109257 is divided by 527311.
13
What is the remainder when 7685 is divided by 14?
13
Calculate the remainder when 1177 is divided by 194.
13
What is the remainder when 15210 is divided by 41?
40
What is the remainder when 5134 is divided by 846?
58
Calculate the remainder when 2632 is divided by 93.
28
What is the remainder when 454 is divided by 90?
4
What is the remainder when 4886 is divided by 4850?
36
Calculate the remainder when 4921 is divided by 144.
25
Calculate the remainder when 133049 is divided by 116.
113
Calculate the remainder when 24469 is divided by 7.
4
What is the remainder when 65902 is divided by 15?
7
What is the remainder when 23218 is divided by 967?
10
Calculate the remainder when 958 is divided by 320.
318
Calculate the remainder when 19764 is divided by 247.
4
What is the remainder when 131913 is divided by 1807?
2
What is the remainder when 43262 is divided by 26?
24
What is the remainder when 1719 is divided by 1687?
32
Calculate the remainder when 306 is divided by 78.
72
Calculate the remainder when 113561 is divided by 54.
53
Wha